mainder when 29117 is divided by 37?
35
What is the remainder when 70988 is divided by 920?
148
Calculate the remainder when 393 is divided by 2.
1
What is the remainder when 17141 is divided by 391?
328
What is the remainder when 497946 is divided by 111?
0
Calculate the remainder when 9856 is divided by 890.
66
Calculate the remainder when 121683 is divided by 142.
131
Calculate the remainder when 9713 is divided by 265.
173
What is the remainder when 84351 is divided by 437?
10
What is the remainder when 26090 is divided by 25?
15
Calculate the remainder when 860159 is divided by 30.
29
Calculate the remainder when 1091 is divided by 106.
31
Calculate the remainder when 8983 is divided by 103.
22
What is the remainder when 63108 is divided by 161?
157
What is the remainder when 348767 is divided by 9?
8
What is the remainder when 1991 is divided by 18?
11
What is the remainder when 191225 is divided by 72?
65
What is the remainder when 58379 is divided by 5823?
149
What is the remainder when 190863 is divided by 295?
293
What is the remainder when 2529 is divided by 419?
15
What is the remainder when 559227 is divided by 35?
32
Calculate the remainder when 2142 is divided by 14.
0
Calculate the remainder when 84186 is divided by 22.
14
Calculate the remainder when 65709 is divided by 699.
3
What is the remainder when 930 is divided by 924?
6
What is the remainder when 13603 is divided by 1132?
19
What is the remainder when 8502 is divided by 4228?
46
Calculate the remainder when 7756886 is divided by 23.
21
Calculate the remainder when 40429 is divided by 316.
297
What is the remainder when 7219 is divided by 38?
37
What is the remainder when 463200 is divided by 241?
239
What is the remainder when 2731894 is divided by 38?
36
What is the remainder when 29534 is divided by 16?
14
What is the remainder when 395785 is divided by 5?
0
What is the remainder when 12672 is divided by 906?
894
Calculate the remainder when 45656 is divided by 1630.
16
What is the remainder when 3497 is divided by 1145?
62
Calculate the remainder when 23142 is divided by 82.
18
What is the remainder when 19970 is divided by 370?
360
What is the remainder when 24655 is divided by 52?
7
Calculate the remainder when 46998 is divided by 4699.
8
What is the remainder when 693978 is divided by 12175?
3
Calculate the remainder when 688160 is divided by 114689.
26
What is the remainder when 70205 is divided by 1325?
1305
What is the remainder when 7512 is divided by 76?
64
What is the remainder when 222495 is divided by 222491?
4
Calculate the remainder when 11151 is divided by 117.
36
Calculate the remainder when 18495 is divided by 1849.
5
Calculate the remainder when 317814 is divided by 85.
84
What is the remainder when 606 is divided by 54?
12
What is the remainder when 890712 is divided by 2086?
2076
What is the remainder when 155068 is divided by 6461?
4
What is the remainder when 3684 is divided by 878?
172
What is the remainder when 30832 is divided by 15413?
6
Calculate the remainder when 2637 is divided by 5.
2
Calculate the remainder when 265901 is divided by 88631.
8
What is the remainder when 2439 is divided by 2426?
13
What is the remainder when 24769 is divided by 665?
164
What is the remainder when 207200 is divided by 124?
120
Calculate the remainder when 223678 is divided by 40.
38
Calculate the remainder when 58878 is divided by 8.
6
What is the remainder when 16630 is divided by 16621?
9
Calculate the remainder when 2644 is divided by 170.
94
Calculate the remainder when 97153 is divided by 417.
409
Calculate the remainder when 134523 is divided by 134462.
61
Calculate the remainder when 1154 is divided by 265.
94
What is the remainder when 4707 is divided by 8?
3
Calculate the remainder when 26740 is divided by 86.
80
Calculate the remainder when 8522 is divided by 52.
46
Calculate the remainder when 13639 is divided by 460.
299
Calculate the remainder when 55967 is divided by 212.
211
What is the remainder when 496413 is divided by 8?
5
Calculate the remainder when 48262 is divided by 16081.
19
What is the remainder when 377755 is divided by 63?
7
What is the remainder when 7524 is divided by 106?
104
What is the remainder when 238 is divided by 35?
28
Calculate the remainder when 50676 is divided by 56.
52
What is the remainder when 14698 is divided by 210?
208
What is the remainder when 8479 is divided by 305?
244
What is the remainder when 15676 is divided by 80?
76
What is the remainder when 700693 is divided by 139?
133
What is the remainder when 2890 is divided by 880?
250
What is the remainder when 11040 is divided by 39?
3
Calculate the remainder when 3258 is divided by 589.
313
Calculate the remainder when 30838 is divided by 7.
3
Calculate the remainder when 5731 is divided by 179.
3
What is the remainder when 833 is divided by 30?
23
What is the remainder when 114597 is divided by 200?
197
Calculate the remainder when 5265 is divided by 155.
150
What is the remainder when 3059 is divided by 257?
232
Calculate the remainder when 3312737 is divided by 169.
168
Calculate the remainder when 15744 is divided by 271.
26
What is the remainder when 68016 is divided by 356?
20
What is the remainder when 1664 is divided by 777?
110
What is the remainder when 1338 is divided by 100?
38
What is the remainder when 449214 is divided by 354?
342
Calculate the remainder when 17908 is divided by 351.
7
Calculate the remainder when 68630 is divided by 7.
2
What is the remainder when 364 is divided by 99?
67
What is the remainder when 21736 is divided by 314?
70
What is the remainder when 9832 is divided by 193?
182
Calculate the remainder when 3065 is divided by 129.
98
What is the remainder when 4102 is divided by 441?
133
What is the remainder when 1501 is divided by 3?
1
Calculate the remainder when 13237 is divided by 1018.
3
What is the remainder when 7026 is divided by 207?
195
Calculate the remainder when 2702 is divided by 401.
296
Calculate the remainder when 42728 is divided by 353.
15
Calculate the remainder when 1596 is divided by 44.
12
What is the remainder when 23071 is divided by 83?
80
Calculate the remainder when 99285 is divided by 11.
10
Calculate the remainder when 9242 is divided by 4618.
6
What is the remainder when 765 is divided by 42?
9
Calculate the remainder when 4261 is divided by 7.
5
What is the remainder when 27996 is divided by 13946?
104
What is the remainder when 62566 is divided by 22?
20
Calculate the remainder when 24606 is divided by 1634.
96
What is the remainder when 10852 is divided by 278?
10
Calculate the remainder when 65824 is divided by 53.
51
Calculate the remainder when 20363 is divided by 2246.
149
Calculate the remainder when 457 is divided by 5.
2
What is the remainder when 19668 is divided by 79?
76
Calculate the remainder when 13635 is divided by 470.
5
Calculate the remainder when 20040 is divided by 520.
280
Calculate the remainder when 129709 is divided by 187.
118
What is the remainder when 4590 is divided by 1036?
446
What is the remainder when 9355 is divided by 9010?
345
Calculate the remainder when 1789 is divided by 145.
49
What is the remainder when 101437 is divided by 289?
287
What is the remainder when 1415 is divided by 33?
29
What is the remainder when 131976 is divided by 37?
34
Calculate the remainder when 756 is divided by 487.
269
Calculate the remainder when 774 is divided by 223.
105
What is the remainder when 42497 is divided by 67?
19
What is the remainder when 11132 is divided by 157?
142
Calculate the remainder when 3727 is divided by 521.
80
Calculate the remainder when 195650 is divided by 556.
494
Calculate the remainder when 22512 is divided by 938.
0
Calculate the remainder when 1846062 is divided by 23.
13
What is the remainder when 68145 is divided by 2268?
105
What is the remainder when 65479 is divided by 45?
4
What is the remainder when 8134959 is divided by 466?
463
What is the remainder when 76957 is divided by 104?
101
Calculate the remainder when 1033801 is divided by 49.
48
Calculate the remainder when 758 is divided by 59.
50
Calculate the remainder when 131925 is divided by 23.
20
Calculate the remainder when 35372 is divided by 122.
114
Calculate the remaind